{"id":436,"date":"2017-02-17T19:39:42","date_gmt":"2017-02-17T19:39:42","guid":{"rendered":"http:\/\/sinpol-assinpol.com.br\/site\/?page_id=436"},"modified":"2019-02-01T12:00:47","modified_gmt":"2019-02-01T14:00:47","slug":"fotos","status":"publish","type":"page","link":"https:\/\/sinpol-assinpol.com.br\/site\/fotos\/","title":{"rendered":"FOTOS"},"content":{"rendered":"<h1 style=\"text-align: center;\"><a href=\"http:\/\/sinpol-assinpol.com.br\/site\/fotos\/confraternizacao-dos-investigadores-2016\/\"><span style=\"vertical-align: inherit;\"><span style=\"vertical-align: inherit;\"><span style=\"vertical-align: inherit;\"><span style=\"vertical-align: inherit;\">Confraterniza\u00e7\u00e3o dos Investigadores 2016<\/span><\/span><\/span><\/span><\/a><\/h1>\n<h1 style=\"text-align: center;\"><a href=\"http:\/\/sinpol-assinpol.com.br\/site\/fotos\/lancamento-area-de-lazer-dos-investigadores\/?preview_id=1262&amp;preview_nonce=56889cf83d&amp;_thumbnail_id=-1&amp;preview=true\"><span style=\"vertical-align: inherit;\"><span style=\"vertical-align: inherit;\"><span style=\"vertical-align: inherit;\"><span style=\"vertical-align: inherit;\">Lan\u00e7amento \u00c1rea de Lazer dos Investigadores<\/span><\/span><\/span><\/span><\/a><\/h1>\n<h1 style=\"text-align: center;\"><a href=\"https:\/\/sinpol-assinpol.com.br\/site\/fotos\/confraternizacao-dos-investigadores-2018\/\"><span style=\"vertical-align: inherit;\"><span style=\"vertical-align: inherit;\"><span style=\"vertical-align: inherit;\"><span style=\"vertical-align: inherit;\">Confraterniza\u00e7\u00e3o dos Investigadores 2018<\/span><\/span><\/span><\/span><\/a><\/h1>\n","protected":false},"excerpt":{"rendered":"<p>Confraterniza\u00e7\u00e3o dos Investigadores 2016 Lan\u00e7amento \u00c1rea de Lazer dos Investigadores Confraterniza\u00e7\u00e3o dos Investigadores 2018<\/p>\n","protected":false},"author":1,"featured_media":0,"parent":0,"menu_order":0,"comment_status":"closed","ping_status":"closed","template":"","meta":{"_et_pb_use_builder":"","_et_pb_old_content":"","_et_gb_content_width":"","footnotes":""},"class_list":["post-436","page","type-page","status-publish","hentry"],"_links":{"self":[{"href":"https:\/\/sinpol-assinpol.com.br\/site\/wp-json\/wp\/v2\/pages\/436","targetHints":{"allow":["GET"]}}],"collection":[{"href":"https:\/\/sinpol-assinpol.com.br\/site\/wp-json\/wp\/v2\/pages"}],"about":[{"href":"https:\/\/sinpol-assinpol.com.br\/site\/wp-json\/wp\/v2\/types\/page"}],"author":[{"embeddable":true,"href":"https:\/\/sinpol-assinpol.com.br\/site\/wp-json\/wp\/v2\/users\/1"}],"replies":[{"embeddable":true,"href":"https:\/\/sinpol-assinpol.com.br\/site\/wp-json\/wp\/v2\/comments?post=436"}],"version-history":[{"count":8,"href":"https:\/\/sinpol-assinpol.com.br\/site\/wp-json\/wp\/v2\/pages\/436\/revisions"}],"predecessor-version":[{"id":1456,"href":"https:\/\/sinpol-assinpol.com.br\/site\/wp-json\/wp\/v2\/pages\/436\/revisions\/1456"}],"wp:attachment":[{"href":"https:\/\/sinpol-assinpol.com.br\/site\/wp-json\/wp\/v2\/media?parent=436"}],"curies":[{"name":"wp","href":"https:\/\/api.w.org\/{rel}","templated":true}]}}